i**2 + 2*i**3 - 3*i**r - 3*i**2. Let v be h(-4). Determine o(v).
10
Suppose -8 = 4*v - 36. Let x(k) = -2*k + v*k**2 + 3*k - k. What is x(-1)?
7
Let c(g) = -11*g + g - g + 4*g**2 - 1 + 12*g - g**3. What is c(4)?
3
Let r be (-45)/(-18)*(0 - 2). Let v(y) = -2*y - 2. What is v(r)?
8
Let q be (-850)/(-225) + 2/9. Let a(z) = z**2 - 4*z + 2. Determine a(q).
2
Let l(s) = 5 + s - 5*s - 6. Determine l(-3).
11
Suppose 8*a + 13*a = 126. Let b(i) = -i. Let z(l) = 4. Let x(s) = -b(s) - z(s). Give x(a).
2
Let i(q) = 5*q - 3. Let y(b) = -10*b + 6. Let j(c) = 7*i(c) + 4*y(c). Determine j(2).
-7
Let a(o) be the third derivative of 2*o**5/15 + o**4/24 + o**3/6 - 14*o**2. Determine a(-1).
8
Suppose 0 = -o + 2*o + 2*n - 2, 3*n = -12. Suppose -v - v = -o. Let w(r) = r - 9. Give w(v).
-4
Let k(n) = -n**2 + 6*n. Let u(i) = i**2 + 1. Let s(l) = k(l) - u(l). Determine s(4).
-9
Let l(z) = -5*z - 1. Let i(b) = 2*b - 7. Let r = -6 - -11. Let q be i(r). Let y = q - 4. What is l(y)?
4
Let v = -9 + 16. Suppose 5*y - v = -3*q, q - 3*y = -3*q - 10. Let k(o) = 2 + o**2 - 1 - 9*o**2 + o. What is k(q)?
-8
Suppose 5*l + 14 = -11. Let u(t) be the first derivative of t**2/2 + 8*t - 29. Calculate u(l).
3
Suppose 5*j = 14 + 6. Let z(k) = -4*k**2 + 4*k - 7. Let w(c) = -5*c**2 + 3*c - 7. Let h(b) = j*z(b) - 3*w(b). Calculate h(5).
3
Let u(p) = -2*p - 5. Suppose 4*c + 13*t = 12*t - 17, -1 = t. What is u(c)?
3
Let b be (-32)/10*(-15)/6. Let s = 13 - b. Let u(m) = m**3 - 6*m**2 + 4*m + 3. Determine u(s).
-2
Let f(x) = 4*x - 4. Let s(a) = a - 1. Let b(i) = -2*f(i) + 9*s(i). Let r = -20 + 11. Let n be r + 8 - (-2 + -1). Calculate b(n).
1
Suppose 5*x - 2*q + 4*q + 6 = 0, -15 = 5*q. Let h(k) be the first derivative of -k**2/2 + 13*k - 1. Determine h(x).
13
Let x(q) = q - 3*q**2 - q**2 + q + 1. Suppose s + 2*s = 0. Suppose 6*j - j - 8 = -2*o, s = 5*o - 2*j + 9. Calculate x(o).
-5
Let p(d) = d**2 - 8*d + 7. Let o be p(7). Suppose h - 1 - 1 = o. Let m(s) = s**2 - 4*s + 3. Determine m(h).
-1
Let p(y) = y**3 + y**2 + y + 3. Suppose 5*j - w = -2*w - 45, 5*w + 17 = j. Let k(b) = 2*b + 12. Let t be k(j). Let i be 0*(12/(-9))/t. Determine p(i).
3
Let s(h) = 11*h**2 + 0*h**3 + 0*h - 17*h**2 + h**3 - h. Calculate s(6).
-6
Let n(l) = l + 6. Let m(v) = -1. Let f(t) = -m(t) - n(t). What is f(-6)?
1
Let v(u) be the third derivative of -u**2 + 2/3*u**3 + 5/24*u**4 + 0*u + 0 + 1/60*u**5. Suppose -2*y - 4 = -3*y - 2*s, 0 = 5*y - s + 24. Calculate v(y).
0
Suppose 12 = -4*f + 20. Suppose -f*t + 4*g + 7 = -9, 5*g + 20 = -t. Let h(y) = y - 6. What is h(t)?
-6
Let j(x) be the first derivative of x**4/4 + 2*x**3 + 7*x**2/2 + 6*x - 6. What is j(-5)?
-4
Suppose 5*p - 47 = -72. Let a(t) = -4*t - 3. Give a(p).
17
Let i(x) = -x + 2. Let j be i(1). Let b(p) = 17*p - 1. What is b(j)?
16
Let i(z) = z - 11. Let a be i(11). Suppose 32 = 2*f - 4*x, -4*f - 2*x = -6 - 8. Let j(d) = 0 + a - 3 - f*d. What is j(-2)?
9
Let u(a) = 21 - 31 + a + 15. Calculate u(-7).
-2
Let q(h) = -h**2 + 1. Suppose -2*r - y = -r - 7, -3*y + 5 = -5*r. Determine q(r).
-3
Let y(x) = -x**2 - 5*x - 1. Let v be y(-6). Let r(k) = k**3 + 6*k**2 - 6*k + 3. Let l be r(v). Let b = 2 + l. Let a(s) = 2*s**2 + 3*s + 1. Determine a(b).
3
Let l(r) = r**3 - 3*r**2 - r + 3. Let m be l(3). Let u = 15 + -13. Let v(x) = m*x + u*x - x. Calculate v(4).
4
Let d(v) = v**2 - v - 7. Let k be (-1 + -2)/(6/(-4)). Suppose 0 = -0*i - k*i. Calculate d(i).
-7
Let y(o) = 6*o**3 - o + 7 + 2*o**2 - 7*o**3 - 7. What is y(1)?
0
Let c = 44 + -42. Let v = 6 - 3. Let q(a) = -3 - c*a - 2*a + v*a. Give q(-6).
3
Suppose 0 = h + 4*h - 10. Let g(i) be the first derivative of 1/2*i**2 - 1/3*i**3 - h - i. What is g(1)?
-1
Let k(d) be the third derivative of -d**5/60 + d**4/8 + d**3 - 3*d**2. What is k(6)?
-12
Let m(s) = s**3 - 6*s**2 + 4. Let w be m(6). Suppose -5*j = c - 9, 11 = w*c - 5. Let i = 5 - j. Let r(k) = 2*k - 2. Determine r(i).
6
Let s = 3 + -4. Let g(h) = h**2 + 15*h**3 - 2*h**2 - 7 + 8 - 6*h**3. What is g(s)?
-9
Let u(t) = -t**3 + 6*t**2 - 6*t + 1. Let w be u(5). Let j be 4/1*(-2)/w. Let z(g) = 4*g - g - 2 + 3. What is z(j)?
7
Let a(p) = p**3 + 6*p**2 - p - 4. Let u be a(-6). Let h = 5 - 3. Suppose 5*w + 1 = q + h*w, -3*w = -u*q - 1. Let m(z) = -z + 2. Give m(q).
4
Let t(c) = -c - 5. Suppose 2*f = 3*f - 5. Suppose -f*z - 3 = -2*w + 10, 0 = -w - 5*z - 1. Suppose w*g + p + 13 = 0, 4 = 3*g - 4*p + 28. What is t(g)?
-1
Let o(h) = -h**3 + 9*h**2 - h + 4. Let n be o(9). Let k(s) be the first derivative of -2 - 4*s - 5/2*s**2 + 4/3*s**3 + 1/4*s**4. Give k(n).
-4
Let z(s) = -s. Let a be 3/(-9) + (-14)/(-6). Suppose -a*t - 3 = 1. Determine z(t).
2
Let j be (-45)/6 + (-1)/2. Let c(m) = 2*m**2 - m - 1. Let u(z) = 3*z**2 - z - 2. Let i(l) = j*c(l) + 5*u(l). Give i(3).
-2
Suppose 19 = -4*b - 5. Let p(v) = 2*v + 4. Give p(b).
-8
Let i(w) be the third derivative of 0*w + 0 + 1/24*w**4 - 7/6*w**3 - 3*w**2. Suppose 0 = -4*m - 8, -3*b + 5*m = -5 - 5. Calculate i(b).
-7
Let m(l) be the first derivative of -l**2/2 + 7*l - 9. Give m(10).
-3
Suppose -18 = 9*m - 15*m. Let j(k) = -2*k + 1. Calculate j(m).
-5
Let i(p) = -p**3 - 3*p**2 - 10*p + 5. Let s(l) = -l**2 - 1. Let k(j) = -i(j) - 6*s(j). What is k(-8)?
-15
Let w(p) = -6*p - p**2 - 5 + 6 - 5. Determine w(-8).
-20
Let i(t) = -t**3 - 4*t - 3. Suppose 0 = -2*b + 6*b + 8. Give i(b).
13
Let i(m) = -m**2 + 6*m. Suppose -3*k = -q + 7, 2*k - 1 = -3*q - 2. Let s = q - 8. Let x = 12 + s. What is i(x)?
5
Let n(m) = -2*m - 2. Let i(c) = 2*c + 3. Let a(h) = -3*i(h) - 4*n(h). Give a(4).
7
Let z(p) = p**2 + 7*p + 6. Let t = 60 + -66. Determine z(t).
0
Suppose -2*z + 0 + 4 = 0. Suppose -a - 1 + z = 0. Let j(n) = n**3 + 5*n**2 + 5*n + 5. Let s(w) = -w**2 - w - 1. Let r(u) = j(u) + 5*s(u). Calculate r(a).
1
Let z be 6 - 1/(-1)*-3. Suppose z*b - 8 = 7*b. Let m(j) = -j**2 + j + 2. What is m(b)?
-4
Let l(d) = d**3 + 11*d**2 + 9*d - 7. Let t(b) = -b**3 - 10*b**2 - 8*b + 6. Let p(j) = 5*l(j) + 6*t(j). Give p(-4).
-3
Let s(q) be the first derivative of q**2/2 + 30. Calculate s(6).
6
Suppose -4*r + 14 = 5*h, 5*h + r + r = 12. Let j(f) = 5*f - 2 + 9 + f + f**h - 4. Suppose 4*o + 19 + 17 = -4*g, -g + 6 = -2*o. Determine j(o).
-2
Suppose -2*i + 3*i = -3. Let p be 1*(0 - (i - -1)). Suppose 4*b - 5*k - p = 12, 2 = 4*b + k. Let v(c) = 3*c - 1. What is v(b)?
2
Let g(v) = v**3 + v + 1. Let n(q) = q**3 + 7*q**2 - 8*q + 10. Let p(x) = -2*g(x) + n(x). Calculate p(6).
-16
Let x be (-18)/6 - (-5)/((-5)/(-2)). Let f be (-2)/(-3)*(-18)/(-3). Let s(c) = -4 - 1 - 4*c + f. Determine s(x).
3
Let w(q) = -q**3 - q**2. Let v be w(-2). Suppose n = -v + 1. Let i(o) = -o**3 - 2*o**2 + 3*o + 1. What is i(n)?
1
Suppose 0 = -b + 2*b - 2. Let i(n) be the first derivative of -b - n - 1/2*n**2. Give i(-4).
3
Let z = -25 + 33. Let m(h) = -h**2 + 9*h - 1. Calculate m(z).
7
Suppose 0 = 2*a - a - 5. Suppose 0 = l + 3*v - 2, -11 = 2*l - a*v + 7. Let m(b) = -b**2 - 2*b + 4. What is m(l)?
-4
Let y(h) be the first derivative of 7*h**2/2 + h + 7. Determine y(-1).
-6
Let f(x) = -3 + 7*x - 2 + 1 - 7*x**2 - 5 + x**3. Give f(6).
-3
Let n(y) = 2*y - 1. Let v(t) = 5*t - 2. Let p(q) = 7*n(q) - 3*v(q). Let x be p(1). Let d(m) = -m**3 - 3*m**2 - 2*m - 1. Give d(x).
-1
Let j be 0 - 1*(-5 - 0). Let z = 4 - j. Let v be 2 + 0 - (z - -6). Let x(c) = -c**3 - 3*c**2 - c + 4. What is x(v)?
7
Let r = -4 - 0. Let k(g) = 3*g**2 - 5*g + 3. Let q(f) = 2*f**2 - 5*f + 2. Let t(w) = 3*k(w) - 4*q(w). What is t(r)?
-3
Suppose 28 + 25 = -3*z - 4*d, 0 = 5*z + d + 77. Let s be 4/10 + (-24)/z. Let r(t) = 0 - 3 - s*t + 0. Give r(-3).
3
Let f(q) = q**3 - 9*q**2 + 7*q + 7. Let z(o) = o + 2. Let u be z(6). What is f(u)?
-1
Let t(q) = q**2 - 2 + 0 + q**2 + 0*q - 3*q. Calculate t(3).
7
Let k be ((-6)/(-10) + (-8)/5)/1. Let u(d) = d**3 - 1. Determine u(k).
-2
Let l(y) = y**2 - 6*y + 5. Suppose 0*u + 5*u = -5. Let p be 3*u - (-6 + 4). Let s = p - -6. Determine l(s).
0
Suppose 0 = -0*o - 4*o + 8. Let p(m) = -6*m + 2*m + m - o. Suppose 0 = 2*c + 3*g + 19, 2*c = 2*g - 1 + 7. Determine p(c).
4
Let u(w) = 2*w + 5. Let m = -2 - 2. Calculate u(m).
-3
Let s(j) = -7*j - 1. Let w = 6 + -5. Let m be -2 - w/(-1)*1. Determine s(m).
6
Let d(s) = 2*s**2 - 1. Let l = 6 - 4. Suppose 0 = 2*y - k + 3, 0*k + l*k = -y + 11. Calculate d(y).
1
Let f = -24 + 41. Suppose -f = 